late the remainder when o is divided by 190.
189
Let j(f) = -f**3 - 105*f**2 - 52*f + 143. What is the remainder when j(-105) is divided by 59?
57
Let m = -254 - -259. Suppose -2*a + 333 = m*d, -5*d = 3*a - 311 - 21. Calculate the remainder when d is divided by 26.
15
Let n be (-3)/((-15)/10) - (-207)/(-3). Let z = 81 + n. Calculate the remainder when 51 is divided by z.
9
Let n(u) = 2*u + 5. Let z be n(-2). Let g(x) = 23*x**2 - 4*x + 3. What is the remainder when g(z) is divided by 5?
2
Suppose -6*s - 3*s - 855 = 0. Let v = s + 112. Calculate the remainder when 111 is divided by v.
9
Suppose 180*o + 1537 = 103*o + 130*o. Suppose -41 = 2*v + 29. Let a = v - -148. What is the remainder when a is divided by o?
26
Let y(o) = -o**2 - 70*o - 414. Calculate the remainder when y(-45) is divided by 181.
168
Let v = -308 + 322. What is the remainder when 116 is divided by v?
4
Suppose 1228 = 5*v - 4*n, -5*n = v - 8*n - 250. Suppose -14 + v = 10*q. Calculate the remainder when (-7)/((-21)/270) + -1 is divided by q.
20
Let w = -151 + 156. Suppose -j + w = -1. What is the remainder when 21 is divided by j?
3
Let p(i) = -3*i + 23. Suppose 81 = 14*q + 11. What is the remainder when 389 is divided by p(q)?
5
Suppose -5*w = -2*a + 4, -3*a = 10*w - 11*w - 6. Calculate the remainder when 106 is divided by ((-3)/2 - 0)/(a/(-24)).
16
Let d(c) = 2*c**2 + 3*c - 9. Let y be d(2). Suppose 94 = -y*h - w, w = -3*h + 5*w - 61. Let g = h - -32. Calculate the remainder when 29 is divided by g.
3
Suppose 20*h + 58 = 1878. Suppose -h = -59*f + 58*f. What is the remainder when f is divided by 16?
11
Suppose 0 = 5*r - 4*s - 131, 4*r - 5*s = 9 + 103. Suppose 2*g = o + 4*g - 7, 3*o = -4*g + r. Calculate the remainder when 702/(-63)*(-343)/147 is divided by o.
8
Suppose 5*r - 3735 = -5*d, 4*d + 6*r = 7*r + 2978. Calculate the remainder when d is divided by 83.
81
Suppose 313*r + 10937 = 120153 + 102685. What is the remainder when r is divided by 18?
11
Let b(w) = 15*w + 4. Let f be b(-3). Let i = f + 46. Suppose 478 - 158 = i*q. What is the remainder when q is divided by 17?
13
Let v be (1 + -2 - 7)/(26 + -28). Suppose 0 = -v*t + 6*o - 3*o + 30, -2*o + 40 = 4*t. Suppose 48 = 2*b - 36. What is the remainder when b is divided by t?
6
Let t(r) = 5*r**3 - 16*r**2 + 10*r - 11. Let p be t(5). What is the remainder when ((-1)/((-2)/9))/(33/p) is divided by 13?
10
Suppose r = 7*t + 48, 34*t - 39*t = 0. Calculate the remainder when (176/(-24))/(2/(-78)) is divided by r.
46
Let r(z) be the first derivative of -3*z**2/2 - 12*z + 9. Let n be r(-15). Suppose -j = 2*j - n. What is the remainder when 76 is divided by j?
10
Let w = 85685 - 85529. Let g = -91 - -131. What is the remainder when w is divided by g?
36
Let s(c) = c**2 + 26*c + 750. What is the remainder when s(-19) is divided by 123?
2
Suppose -5*g + 5 = 0, r = -0*r + g - 6. Calculate the remainder when 52/(-6)*((-1)/2 + -4) is divided by r*(5 + 195/(-25)).
11
Let t(z) = -5*z**3 - 297*z**2 - 120*z - 63. Calculate the remainder when 2472 is divided by t(-59).
52
Let a = -45 + 88. Suppose 92 = 2*q + 2. Suppose -62 = -q*k + a*k. What is the remainder when k is divided by 17?
14
Let u(k) = -6*k**3 - k**2 + 7. Let l be u(-3). Suppose -29*p = -19*p - l. What is the remainder when 110 is divided by p?
14
Suppose -188 = -72*h + 2441 + 3203. Calculate the remainder when h is divided by (3/2 + -2)*-84.
39
Suppose -63*l + 61*l + 2*k + 292 = 0, 0 = 4*l + 4*k - 528. Calculate the remainder when l is divided by ((-18)/(-10))/(5/25).
4
Let v(f) = 4*f - 25. Let l be v(7). Suppose 0 = -l*s + 4*s + 43. Let k = s - -53. What is the remainder when 29 is divided by k?
9
Let z be 12614/49 - (-1 + (-3)/(-7)). Suppose -7*h = -h + z. Let k = -25 - h. What is the remainder when 32 is divided by k?
14
Let i(q) = 20*q**2 + 136*q - 14. What is the remainder when i(-14) is divided by 54?
4
Let l(y) = -2*y + 8. Let g be l(7). Let a be (-335)/g - (-13)/78. Suppose 59*q - 54 = a*q. What is the remainder when 107 is divided by q?
17
Let t = 3387 + -3344. What is the remainder when 255 is divided by t?
40
Suppose 3*k = 3*g + 24, 2*k - k - 3*g = 8. Let d be (64/12)/k*(-45)/(-2). Let y(s) = -2*s**2 + 38*s - 34. Calculate the remainder when y(d) is divided by 23.
17
Suppose h - 4*t = -104, -9*t + 4*t - 500 = 4*h. Calculate the remainder when 115 is divided by ((-12)/8)/((-9)/h*-1).
15
Suppose 0 = -2*o - 2*l + 246, o - 27 - 112 = 3*l. What is the remainder when o is divided by 51?
25
Suppose 60*u + 11*u = 20*u + 510. Suppose 0 = -5*s - 0 + 15. What is the remainder when s - (3 - 1) - -48 is divided by u?
9
Let k(h) = -h**2 + 71*h + 207. What is the remainder when 473 is divided by k(73)?
46
Suppose 3 = 2*j - 5*t, 0 = 5*j + 5*t + 27 - 122. What is the remainder when 23 is divided by 6/(((-4)/j)/(8/(-42)))?
3
Let m(n) be the first derivative of -n**4/4 + n**2 + 16*n - 17. Let w = 90 + -31. What is the remainder when w is divided by m(0)?
11
Suppose 0 = 105*b - 536 - 1774. Calculate the remainder when 4619 is divided by b.
21
Suppose -88*o = -18*o + 142*o - 25228. What is the remainder when 5467 is divided by o?
112
Suppose -4*o - 2*b = 0, 5*o - 4*b = -b + 22. Suppose o*r = r + 10. What is the remainder when 33/44 + 3/4 - 1155/(-42) is divided by r?
9
Suppose 192*b = 63*b + 4773. Calculate the remainder when 129 is divided by b.
18
Suppose 3*a + 3*w = 822 + 945, a - 573 = -5*w. Suppose -a = -5*v + 4*t, 5*v + 4*t = 580 + 37. Let d = v - 71. Calculate the remainder when d is divided by 28.
22
Let q(r) = -29 - 29*r + 15*r + 12*r. Let f be q(-15). What is the remainder when 73 is divided by 17 - f - (9 + -8)?
13
Suppose -m = 20 + 80. Let p = 106 + m. Suppose p*x - x - 40 = 0. What is the remainder when x is divided by 3?
2
Suppose 0 = -c + c + 5*c. Suppose -3*i = -2*g - 1136, -i - 5*g + 129 + 244 = c. What is the remainder when i is divided by 38?
36
Let w = 2057 - 2050. Let a(x) = x**3 + 6*x**2. What is the remainder when a(-5) is divided by w?
4
Let h(y) = y**3 - 3*y**2 + y - 1. Let l = 86642 + -86574. Calculate the remainder when l is divided by h(4).
11
Suppose 5*h - 123 = -u, 0*h - 27 = -h + u. Let p = -18 + h. What is the remainder when 27 is divided by p?
6
Let m be (-2020)/(-6) + (-10)/15. Let l = 395 - m. Suppose -3*j = 3*q - 48, -4*q + j = -j - 88. Calculate the remainder when l is divided by q.
19
Let y(v) = -4*v - 72. Let z be y(-19). What is the remainder when z/(-8)*(-10 - 4) is divided by 1?
0
Suppose u - 29 = 2*t + 6, 8 = -4*t. What is the remainder when u is divided by 22 - (-5 + 2 - -6)?
12
Suppose 34*u = 33*u + 3. Let w be -3 - (0/(-2) - 20). Suppose -x = 3*k - 30, -w = -4*k - x + 24. Calculate the remainder when k is divided by u.
2
Let w(a) = -a**2 + 12*a + 1. Suppose -5*v + 3866 = -3*b, -7*b = -5*v + 2241 + 1613. Calculate the remainder when v is divided by w(6).
35
What is the remainder when 166 is divided by (-1 + 145)*1*2/4?
22
Let y be (-4 - 30/(-9))*3846/(-4). Let u = -353 + y. What is the remainder when u is divided by 58?
56
Let l be (20 + -20)/(-2 - -4). Suppose l = 17*i - 10*i - 385. What is the remainder when 329 is divided by i?
54
Let o = -11015 - -19522. Calculate the remainder when o is divided by 46.
43
Let y(w) = w**2 + 5*w + 20. Let o be (5 - 14) + 0 - -5. Let z be y(o). Suppose z*m + 114 = 19*m. What is the remainder when m is divided by 20?
18
Let u(q) be the third derivative of -q**4/8 - 14*q**3/3 + 3*q**2. Let m be -1 + -10 - 44/11. Calculate the remainder when 33 is divided by u(m).
16
Let z(d) = 2*d**2 - 13*d + 1. Let y be z(6). Let c be y/10 - 33/(-2). Suppose -5*n + 36 = c. What is the remainder when 19 is divided by n?
3
Let y = -238 - -347. What is the remainder when y is divided by 81/(-2 + 5) - (-10 - -30 - 13)?
9
Let f(d) = 651*d + 1347. Calculate the remainder when 1902 is divided by f(-2).
12
What is the remainder when 519 is divided by 24*3 + 5*(-12)/(-15)?
63
Let b(u) = -4534*u**3 - 2*u**2 - 6*u - 5. What is the remainder when b(-1) is divided by 56?
53
Suppose 0*k = 2*k - 3*j - 574, 0 = 4*k - 5*j - 1150. Let g = 412 - k. Calculate the remainder when g is divided by 25.
22
Suppose -248 = -11675*s + 11671*s. What is the remainder when 294 is divided by s?
46
Suppose -3*t = -9, -5*g + 299 = 4*t - t. What is the remainde